{"id":12,"date":"2016-06-09T15:21:36","date_gmt":"2016-06-09T13:21:36","guid":{"rendered":"http:\/\/dynamik40.de\/?page_id=12"},"modified":"2021-04-13T13:18:54","modified_gmt":"2021-04-13T11:18:54","slug":"veroeffentlichungen","status":"publish","type":"page","link":"https:\/\/dynamik40.de\/index.php\/projekt\/veroeffentlichungen\/","title":{"rendered":"Ver\u00f6ffentlichungen"},"content":{"rendered":"<p>Hier finden Sie wichtige Informationen und Materialien zum Projekt.<\/p>\n<p><strong>Video &#8211; Erfassung psychischer Belastungen mit dem DYNAMIK-Fragebogen<\/strong><\/p>\n<div style=\"width: 676px;\" class=\"wp-video\"><!--[if lt IE 9]><script>document.createElement('video');<\/script><![endif]-->\n<video class=\"wp-video-shortcode\" id=\"video-12-1\" width=\"676\" height=\"380\" preload=\"metadata\" controls=\"controls\"><source type=\"video\/mp4\" src=\"https:\/\/dynamik40.de\/wp-content\/uploads\/2017\/12\/Video-Erfassung-psychischer-Belastungen-mit-dem-DYNAMIK-Fragebogen.mp4?_=1\" \/><a href=\"https:\/\/dynamik40.de\/wp-content\/uploads\/2017\/12\/Video-Erfassung-psychischer-Belastungen-mit-dem-DYNAMIK-Fragebogen.mp4\">https:\/\/dynamik40.de\/wp-content\/uploads\/2017\/12\/Video-Erfassung-psychischer-Belastungen-mit-dem-DYNAMIK-Fragebogen.mp4<\/a><\/video><\/div>\n<p><strong>Berichte\/ Artikel zum Download<\/strong><\/p>\n<p>Projektbeschreibung\/ Flyer zum Download<br \/>\nArbeit und Gesundheit in der Industrie 4.0<br \/>\n<a href=\"https:\/\/dynamik40.de\/wp-content\/uploads\/2018\/04\/Flyer_Dynamik4.0_18.pdf\">[Dynamik 4.0 Flyer]<\/a><\/p>\n<p>Das Verbundprojekt: DYNAMIK 4.0<br \/>\nEin dynamisches System zur Erfassung und Pra\u0308vention psychischer Arbeitsbelastungen in kleinen<br \/>\nund mittleren Unternehmen der Industrie 4.0<br \/>\n<a href=\"https:\/\/dynamik40.de\/wp-content\/uploads\/2017\/07\/Projektskizze_DYNAMIK.pdf\">[Dynamik 4.0 Projektkurzbeschreibung]<\/a><\/p>\n<p><strong>Schriftliche Ver\u00f6ffentlichungen<\/strong><\/p>\n<ul>\n<li>Diebig, M. &amp; Angerer, P. (2021). Description and application of a method to quantify criterion-related cut-off values for questionnaire-based psychosocial risk assessment. <em>International Archives of Occupational and Environmental Health<\/em>, <em>94<\/em>(3), 475-485.<\/li>\n<li>Diebig, M., Dragano, N., K\u00f6rner, U., Lunau, T., Wulf, I.C., &amp; Angerer, P. (2020). Development and validation of a questionnaire to measure psychosocial work stressors in modern working environments. <em>Journal of Occupational and Environmental Medicine<\/em>, <em>62<\/em>(3), 185-193.<\/li>\n<li>K\u00f6rner, U., M\u00fcller-Thur, K., Lunau, T, Dragano, N., Angerer, P., &amp; Buchner A. (2019). Perceived Stress in Human-Machine Interaction in Modern Manufacturing Environments \u2013 Results of a Qualitative Interview Study. <em>Stress and Health<\/em>, <em>35<\/em>, 187\u2013199.<\/li>\n<li>Angerer, P., M\u00fcller, A., S\u00fc\u00df, S., Lehr, D., Buchner, A. &amp; Dragano, N. (2018). Gef\u00e4hrdungsbeurteilung psychischer Belastung f\u00fcr die digitalisierte Arbeit: Das System DYNAMIK 4.0. <em>ASU Arbeitsmedizin Sozialmedizin Umweltmedizin, 53, <\/em>718\u2013722.<\/li>\n<li>Kaiser, S., Diebig, M., &amp; K\u00f6rner, U. (2018). Dynamisierung von Arbeit und Organisation: Herausforderungen und Chancen f\u00fcr die Gef\u00e4hrdungsbeurteilung psychischer Belastung. In N. Kratzer (Hrsg.), <em>Arbeit der Zukunft. Thesen und Gestaltungsans\u00e4tze f\u00fcr den Arbeitsplatz der Zukunft<\/em> (S. 19-23). M\u00fcnchen.<\/li>\n<li>Kaiser, S., &amp; Buchner, A. (2018). Belastungen durch Mensch-Maschine-Interaktion &#8211; ein Thema f\u00fcr die moderne Gef\u00e4hrdungsbeurteilung Psychischer Belastung. VDBW-Aktuell, Ausgabe September 2018.<\/li>\n<li>K\u00f6rner U. &amp; Diebig M,. (2018). Stressreduzierung und Ressourcenfo\u0308rderung im Rahmen einer webbasierten Gefa\u0308hrdungsbeurteilung psychischer Belastung. VDBW-Aktuell, Ausgabe Juli 2018.<\/li>\n<li>M\u00fcller-Thur, K., Angerer, P., K\u00f6rner, U. &amp; Dragano, N. (2018). Arbeit mit digitalen Technologien, psychosoziale Belastungen und potenzielle gesundheitliche Konsequenzen: Wo gibt es Zusammenh\u00e4nge? ASU Arbeitsmedizin Sozialmedizin Umweltmedizin, 52, 388\u2013391.<\/li>\n<li>Diebig, M., Jungmann, F. M\u00fcller, A., &amp; Wulf, I.C. (2018). Inhalts- und prozessbezogene Anforderungen an die Gef\u00e4hrdungsbeurteilung psychischer Belastung im Kontext Industrie 4.0: Eine qualitative Interviewstudie. Zeitschrift f\u00fcr Arbeits- und Organisationspsychologie.<\/li>\n<li>Wulf, I.C., S\u00fc\u00df, S., &amp; Diebig, M. (2017). Die Akteure des Arbeits- und Gesundheitsschutzes \u2013 Eine qualitative Untersuchung ihrer Perspektiven und Zusammenarbeit im Prozess der Gef\u00e4hrdungsbeurteilung psychischer Belastung, Zeitschrift f\u00fcr Arbeitswissenschaft, 71(4), 296-304.<\/li>\n<li>Diebig, M., M\u00fcller, A. &amp; Angerer, P. (2017). Psychische Belastungen in der Industrie 4.0: Eine selektive Literatur\u00fcbersicht zu (neuartigen) Belastungsbereichen. ASU Arbeitsmedizin Sozialmedizin Umweltmedizin, 52, 832\u2013839.<\/li>\n<li>Dragano, N., M\u00fcller-Thur, K. &amp; Lunau, T. (2018). Digitalisierung der Arbeitswelt &#8211; Arbeit 4.0 und die Folgen f\u00fcr die psychosomatische Gesundheit. In E. Br\u00e4hler &amp; W. Herzog (Hrsg.), Sozialpsychosomatik \u2013 Das vergessene Soziale in der Psychosomatik. Stuttgart: Schattauer .<\/li>\n<li>S\u00fc\u00df, S., Wulf, I. C., &amp; K\u00f6rner, U. (2017). Arbeits- und Gesundheitsschutz in der Industrie 4.0. Ergebnisse einer qualitativen Untersuchung der Gef\u00e4hrdungsbeurteilung psychischer Belastung, Industrie 4.0. Management, 33(3), 1-4 .<\/li>\n<\/ul>\n<p><strong>Vortr\u00e4ge<\/strong><\/p>\n<p><strong>Pr\u00e4sentationen<\/strong><\/p>\n<table>\n<tbody>\n<tr>\n<td width=\"151\"><strong>Datum<\/strong><\/td>\n<td width=\"454\"><strong>Plattform<\/strong><\/td>\n<\/tr>\n<tr>\n<td width=\"151\">04.\/05.03.2016<\/td>\n<td width=\"454\">3. Th\u00fcringer Arbeitszeitkonferenz: \u201eGrenzenlos 4.0? Chance und Last der neuen Arbeitswelt\u201c in Neudietendorf<\/td>\n<\/tr>\n<tr>\n<td width=\"151\">18.\/19.05.2016<\/td>\n<td width=\"454\">19. Workshop &#8222;Psychologie der Arbeitssicherheit und Gesundheit&#8220; in Wuppertal<\/td>\n<\/tr>\n<tr>\n<td width=\"151\">22.09.2016<\/td>\n<td width=\"454\">Herbstworkshop der wissenschaftlichen Kommission Personalwesen im VHB in Paderborn<\/td>\n<\/tr>\n<tr>\n<td width=\"151\">11. &#8211; 12.10.2016<\/td>\n<td width=\"454\">DGUV-Tagung \u201eSicherheit und Gesundheit im 4.0-Zeitalter &#8211; Arbeit, Verkehr, Bildung\u201c in Dresden, Infostand &amp; Poster<\/td>\n<\/tr>\n<tr>\n<td width=\"151\">24.10.2016<\/td>\n<td width=\"454\">1. Treffen der Fokusgruppe \u201eGesunde Arbeit durch innovative Arbeitsformen und Assistenzsysteme\u201c in M\u00fcnchen<\/td>\n<\/tr>\n<tr>\n<td width=\"151\">25.11.2016<\/td>\n<td width=\"454\">Jungmann, F., K\u00f6rner, U., Lunau, T., M\u00fcller, A., M\u00fcller-Thur, K., Wulf, I.C. (2016, November). Entwicklung einer Gef\u00e4hrdungsbeurteilung psychischer Belastungen f\u00fcr die Industrie 4.0: Ergebnisse einer Interviewstudie. Vortrag auf der 14. Jahrestagung des Arbeitskreises Empirische Personal- und Organisationsforschung (AKempor), D\u00fcsseldorf.<\/td>\n<\/tr>\n<tr>\n<td width=\"151\">16.02.2017<\/td>\n<td width=\"454\">M\u00fcller, A., &amp; Diebig, M. (2017, Februar). Gef\u00e4hrdungsbeurteilung psychischer Belastung im Kontext Industrie 4.0. Symposium im Rahmen des 63. GfA Fr\u00fchjahrskongresses, Z\u00fcrich.<\/td>\n<\/tr>\n<tr>\n<td width=\"151\">16.02.2017<\/td>\n<td width=\"454\">M\u00fcller, A., Wulf, I.C., Jungmann, F., &amp; Diebig, M. (2017, Februar). Anforderungen an die Gef\u00e4hrdungsbeurteilung psychischer Belastung der Zukunft: Ergebnisse einer Interviewstudie. Vortrag im Rahmen des 63. GfA Fr\u00fchjahrskongresses, Z\u00fcrich.<\/td>\n<\/tr>\n<tr>\n<td width=\"151\">16.02.2017<\/td>\n<td width=\"454\">Wulf, I.C., S\u00fc\u00df, S., &amp; Diebig, M. (2017, Februar). Die Akteure des Arbeits- und Gesundheitsschutzes im Prozess der Gef\u00e4hrdungsbeurteilung psychischer Belastung \u2013 Eine qualitative Untersuchung. Vortrag im Rahmen des 63. GfA Fr\u00fchjahrskongresses, Z\u00fcrich.<\/td>\n<\/tr>\n<tr>\n<td width=\"151\">15.03.2017<\/td>\n<td width=\"454\">M\u00fcller, A., &amp; Diebig, M. (2017, M\u00e4rz).\u00a0 Ver\u00e4nderte psychosoziale Arbeitsbelastungen und Gef\u00e4hrdungsbeurteilung psychischer Belastung in der Industrie 4.0. Vortrag im Rahmen der 57. Wissenschaftlichen Jahrestagung der Deutschen Gesellschaft f\u00fcr Arbeitsmedizin und Umweltmedizin e.V., Hamburg.<\/td>\n<\/tr>\n<tr>\n<td width=\"151\">15.03.2017<\/td>\n<td width=\"454\">Diebig, M., Wulf, I.C., Jungmann, F., M\u00fcller, A., &amp; Angerer, P. (2017, M\u00e4rz). Neuste Entwicklungen der Gef\u00e4hrdungsbeurteilung psychischer Belastung im Zeitalter Industrie 4.0. Vortrag im Rahmen der 57. Wissenschaftlichen Jahrestagung der Deutschen Gesellschaft f\u00fcr Arbeitsmedizin und Umweltmedizin e.V., Hamburg.<\/td>\n<\/tr>\n<tr>\n<td width=\"151\">16.03.2017<\/td>\n<td width=\"454\">Dragano N., M\u00fcller-Thur K., Angerer P. (2017, M\u00e4rz). Gesundheit in der digitalen Arbeitswelt: zwischen Spekulation und Evidenz. Vortrag auf Armut und Gesundheit 2017 \u2013 Der Public Health-Kongress in Deutschland, Berlin.<\/td>\n<\/tr>\n<tr>\n<td width=\"151\">24.04.2017<\/td>\n<td width=\"454\">Dragano N. (2017, April) Stress 4.0? Psychische Belastungen in der digitalisierten Arbeitswelt. aas-Kongress \u201eF\u00f6rderung der Gesundheit als Aufgabe der betrieblichen Interessenvertretung\u201c, D\u00fcsseldorf.<\/td>\n<\/tr>\n<tr>\n<td width=\"151\">28.04.2017<\/td>\n<td width=\"454\">Dragano N. (2017, April) Von der Gef\u00e4hrdungsbeurteilung zur Ma\u00dfnahmenumsetzung: wie kommen wir zum Ziel? Orientierungshilfe aus der Implementationsforschung. Fachtagung \u201aPsychische Belastungen angehen \u2013 Zwischenbilanz und neue Impulse. TBS-Netz. Berlin.<\/td>\n<\/tr>\n<tr>\n<td width=\"151\">20.05.2017<\/td>\n<td width=\"454\">Diebig, M., Wulf, I.C., Jungmann, F., &amp; M\u00fcller, A. (2017, May). Organizational-level occupational health interventions during the digital transformation of industry: A qualitative interview study. Poster presented at the 18th Congress of the European Association of Work and Organizational Psychology, Dublin, Ireland.<\/td>\n<\/tr>\n<tr>\n<td width=\"151\">22.06.2017<\/td>\n<td width=\"454\">Dragano N. (2017, Juni) Arbeitsgesundheit 4.0: Was ist wirklich neu an der \u201eneuen\u201c Arbeitswelt?. 25. Jahrestagung der Gesellschaft f\u00fcr Rehabilitation bei Verdauungs- und Stoffwechselkrankheiten &amp; NRW Forschungsverbund Rehabilitationswissenschaften &amp; Rehabilitations-Forschungsnetzwerk der Deutschen Rentenversicherung Rheinland. Bad Neuenahr-Ahrweiler. (Plenarvortrag\/Er\u00f6ffnung)<\/td>\n<\/tr>\n<tr>\n<td width=\"151\">16.08.2017<\/td>\n<td width=\"454\">Wulf, I.C., S\u00fc\u00df, S., &amp; Diebig, M. (2017, August). Occupational Stakeholders in the Process of Psychological Risk Assessment and Mental Health Prevention &#8211; A Qualitative Interview Study. Vortrag im Rahmen der Third International Interdisciplinary Conference on Research on Work and Working Life, WORK2017, Turku (Finnland)<\/td>\n<\/tr>\n<tr>\n<td width=\"151\">23.08.2017<\/td>\n<td width=\"454\">Mu\u0308ller-Thur, K., \u00a0Ko\u0308rner, U., Lunau, T., Buchner, A., &amp; Dragano, N. (2017, August). Psychologische Belastungen und Ressourcen in der modernen Industrie \u2013 Ergebnisse einer qualitativen Studie<\/p>\n<p>Vortrag im Rahmen des 13. Kongresses f\u00fcr Gesundheitspsychologie, Siegen.<\/td>\n<\/tr>\n<tr>\n<td width=\"151\">05.09.2017<\/td>\n<td width=\"454\">Lunau, T., M\u00fcller-Thur, K., K\u00f6rner, U., Buchner, A., Dragano, N. (2017, September). Arbeitsbedingungen in der Industrie 4.0: Psychosoziale Belastungen in der modernen Produktion. Vortrag auf dem gemeinsamen Kongress der DGMS, der DGSMP und der DGEPI, L\u00fcbeck.<\/td>\n<\/tr>\n<tr>\n<td width=\"151\">14.09.2017<\/td>\n<td width=\"454\">Diebig, M., Wulf, I.C. &amp; M\u00fcller, A. (2017, September). Anpassungen an die Durchf\u00fchrung einer Gef\u00e4hrdungsbeurteilung psychischer Belastung aufgrund Arbeit 4.0. Vortrag im Rahmen der 10. Fachgruppentagung Arbeits-, Organisations- und Wirtschaftspsychologie (AOW), Dresden.<\/td>\n<\/tr>\n<tr>\n<td width=\"151\">14.09.2017<\/td>\n<td width=\"454\">Diebig, M. M\u00fcller, A. &amp; Paridon, H. (2017, September). Aktuelle Herausforderungen bei der Gef\u00e4hrdungsbeurteilung psychischer Belastung. Arbeitsgruppe im Rahmen der 10. Fachgruppentagung Arbeits-, Organisations- und Wirtschaftspsychologie (AOW), Dresden.<\/td>\n<\/tr>\n<tr>\n<td width=\"151\">20.09.2017<\/td>\n<td width=\"454\">Dragano N. (2017, September). Psychosocial factors in modern digitized work: identifying new risk and resources? ProWorkNet annual workshop. Sigtunastiftelsen, Sigtuna, Sweden.<\/td>\n<\/tr>\n<tr>\n<td width=\"151\">06.10.2017<\/td>\n<td width=\"454\">Diebig, M. (2017, Oktober). Vortrag im Rahmen des 5. Dortmunder Forums f\u00fcr F\u00fchrung und Organisation, Dortmund.<\/td>\n<\/tr>\n<tr>\n<td width=\"151\">18.10.2017<\/td>\n<td width=\"454\">Diebig, M., Angerer, P., Buchner, A., Dragano, N., Lunau, T., K\u00f6rner, U., M\u00fcller, A., M\u00fcller-Thur, K., S\u00fc\u00df, S., Wulf, I.C. (2017, Oktober). Dynamik 4.0 &#8211;\u00a0 Ein dynamisches System zur Erfassung und Pr\u00e4vention psychischer Arbeitsbelastungen in kleinen und mittleren Unternehmen der Industrie 4.0. Poster auf der A+A, D\u00fcsseldorf.<\/td>\n<\/tr>\n<tr>\n<td width=\"151\">07. &#8211; 09.03.2018<\/td>\n<td width=\"454\">8. Wissenschaftlichen Jahrestagung der Deutschen Gesellschaft f\u00fcr Arbeitsmedizin und Umweltmedizin e.V. (DGAUM)<\/td>\n<\/tr>\n<tr>\n<td width=\"151\">26. &#8211; 27.05.2018<\/td>\n<td width=\"454\">14. Bundesweiter Betriebs\u00e4rztetag in Bochum<\/td>\n<\/tr>\n<tr>\n<td width=\"151\">11.09.2018<\/td>\n<td width=\"454\">Dragano N., K\u00f6rner U., Diebig M., Angerer P., M\u00fcller-Thur K. (2018, September). A dynamic web-based system to assess and tackle stress in digitized work environments. ProWorkNet Annual Workshop 2018, Sigtuna, Sweden.<\/td>\n<\/tr>\n<tr>\n<td width=\"151\">15. &#8211; 20.09.2018<\/td>\n<td width=\"454\">51. Kongress der Deutschen Gesellschaft f\u00fcr Psychologie in Frankfurt<\/td>\n<\/tr>\n<tr>\n<td width=\"151\">21.09.2018<\/td>\n<td width=\"454\">S\u00fc\u00df S., Wulf, I.C. (2018, September). Verbundprojekt Dynamik 4.0 \u2013 Arbeit &amp; Gesundheit in KMU der Industrie 4.0. Arbeitsgruppe Digitalisierung und psychische Arbeitsbelastung in Produktion, Logistik und Handel, Ruhr\u2010Universit\u00e4t Bochum.<\/td>\n<\/tr>\n<tr>\n<td width=\"151\">26. &#8211; 28.09.2018<\/td>\n<td width=\"454\">Gemeinsame Jahrestagung DGMS und DGMP in Leipzig<\/td>\n<\/tr>\n<\/tbody>\n<\/table>\n","protected":false},"excerpt":{"rendered":"<p>Hier finden Sie wichtige Informationen und Materialien zum Projekt. Video &#8211; Erfassung psychischer Belastungen mit dem DYNAMIK-Fragebogen Berichte\/ Artikel zum Download Projektbeschreibung\/ Flyer zum Download Arbeit und Gesundheit in der [&hellip;]<\/p>\n","protected":false},"author":1,"featured_media":0,"parent":8,"menu_order":500,"comment_status":"closed","ping_status":"closed","template":"template-fullwidth.php","meta":{"footnotes":""},"class_list":["post-12","page","type-page","status-publish","hentry","post-preview"],"_links":{"self":[{"href":"https:\/\/dynamik40.de\/index.php\/wp-json\/wp\/v2\/pages\/12","targetHints":{"allow":["GET"]}}],"collection":[{"href":"https:\/\/dynamik40.de\/index.php\/wp-json\/wp\/v2\/pages"}],"about":[{"href":"https:\/\/dynamik40.de\/index.php\/wp-json\/wp\/v2\/types\/page"}],"author":[{"embeddable":true,"href":"https:\/\/dynamik40.de\/index.php\/wp-json\/wp\/v2\/users\/1"}],"replies":[{"embeddable":true,"href":"https:\/\/dynamik40.de\/index.php\/wp-json\/wp\/v2\/comments?post=12"}],"version-history":[{"count":34,"href":"https:\/\/dynamik40.de\/index.php\/wp-json\/wp\/v2\/pages\/12\/revisions"}],"predecessor-version":[{"id":1175,"href":"https:\/\/dynamik40.de\/index.php\/wp-json\/wp\/v2\/pages\/12\/revisions\/1175"}],"up":[{"embeddable":true,"href":"https:\/\/dynamik40.de\/index.php\/wp-json\/wp\/v2\/pages\/8"}],"wp:attachment":[{"href":"https:\/\/dynamik40.de\/index.php\/wp-json\/wp\/v2\/media?parent=12"}],"curies":[{"name":"wp","href":"https:\/\/api.w.org\/{rel}","templated":true}]}}